et u(i) = -i**2 - 10*i - 6. Determine u(-7).
15
Let u(l) = l**2 - 14*l - 10. Determine u(19).
85
Let r(v) = 19*v - 194. Calculate r(10).
-4
Let l(w) = 2*w - 40. Give l(22).
4
Let d(g) = g**2 - 11*g + 15. Determine d(10).
5
Let x(f) = 3*f**2 - 17*f - 73. Give x(-3).
5
Let t(w) = -97*w**3 + w**2 + w - 2. Give t(1).
-97
Let t(c) = c**3 + 26*c**2 + 27*c + 40. Determine t(-25).
-10
Let f(o) = -7*o + 9. Determine f(2).
-5
Let h(c) = c + 1. Calculate h(-5).
-4
Let s(x) = -2*x**2 - 19*x - 17. Give s(-8).
7
Let j(i) = -46*i**3 - i**2 - 2*i + 3. Determine j(1).
-46
Let v(c) = -c**2 - 12*c + 60. Determine v(4).
-4
Let a(s) = 4*s + 29. What is a(-7)?
1
Let k(l) = -l**2 + 9*l - 5. Give k(8).
3
Let x(y) = 5*y + 3. Determine x(12).
63
Let m(l) = -2*l**2 + 11*l. What is m(6)?
-6
Let g(c) = -2*c**3 - 7*c**2 - 8*c. Calculate g(-4).
48
Let v(s) = -34*s + 66. What is v(2)?
-2
Let t(a) = -a**3 - 11*a**2 - 12*a - 7. Give t(-10).
13
Let u(x) = x**3 - 48*x**2 - 9. What is u(48)?
-9
Let a(h) = -h**2 - h + 27. Calculate a(0).
27
Let m(z) = 2*z - 8. What is m(5)?
2
Let c(o) = -o**3 + 4*o**2 + 5*o - 13. Calculate c(-4).
95
Let u(d) = -d**2 + 29*d - 18. Determine u(30).
-48
Let f(l) = -4*l**3 - 3*l**2 + 1. Give f(-2).
21
Let m(b) = b**3 - 3*b**2 - 2*b - 17. Give m(4).
-9
Let t(h) = -h**3 + 16*h**2 - 16*h + 22. Determine t(15).
7
Let t(p) = -2*p**3 - 4*p**2 + 2*p. Calculate t(2).
-28
Let o(d) = -20*d - 20. Calculate o(-2).
20
Let s(u) = u - 22. Calculate s(0).
-22
Let f(w) = -w**2 - 6*w - 2. Calculate f(-5).
3
Let j(i) = -i**3 + 2*i**2 + i + 2. What is j(-2)?
16
Let t(u) = 8*u + 188. Calculate t(-24).
-4
Let l(o) = o**3 - 13*o**2 - o - 2. Give l(13).
-15
Let t(w) = w**2 + 15*w + 30. What is t(-9)?
-24
Let n(h) = -8*h**2 + 9*h + 4. Determine n(-4).
-160
Let t(l) = -l**3 - 11*l**2 - 14*l - 39. Give t(-10).
1
Let g(i) = -4*i**2 - 47*i - 74. Give g(-10).
-4
Let s(b) = -b**3 + 6*b**2 - b - 3. Give s(5).
17
Let x(b) = -6*b + 46. Calculate x(9).
-8
Let h(s) = s**3 + 16*s**2 - s - 17. What is h(-16)?
-1
Let j(v) = -v**3 + 9*v**2 + 5*v - 3. What is j(9)?
42
Let y(i) = -i**2 + 76*i - 215. Calculate y(3).
4
Let v(s) = -s**3 - 3*s**2 + 3*s + 2. Determine v(-2).
-8
Let h(j) = -3*j - 36. Give h(-17).
15
Let s(n) = -n**2 - 11*n - 1. What is s(-10)?
9
Let k(f) = -f**2 + 9*f - 2. Determine k(7).
12
Let a(t) = -2*t - 18. What is a(-12)?
6
Let x(o) = o**2 - o - 2. What is x(0)?
-2
Let g(t) = 2*t**2 + 2*t + 1. Calculate g(2).
13
Let t(h) = -h**3 + 7*h**2 + h - 5. Calculate t(7).
2
Let z(h) = 19*h**2 + 46*h - 45. Determine z(1).
20
Let r(u) = u**3 + 7*u**2 + 10*u + 7. Give r(-7).
-63
Let k(o) = -o**2 - 2*o + 15. What is k(7)?
-48
Let w(b) = -14*b - 69. Calculate w(-8).
43
Let m(q) = -3*q**2 - 25*q - 16. What is m(-7)?
12
Let v(b) = -4*b**2 + 76*b + 15. Give v(19).
15
Let h(n) = -2*n**3 - 6*n**2 - 4*n - 5. What is h(-3)?
7
Let x(d) = d**2 - 15*d + 18. Give x(13).
-8
Let a(z) = 2*z**2 + 8*z + 5. Give a(-5).
15
Let z(u) = 2*u - 3. What is z(-5)?
-13
Let s(j) = j**2 - 18*j + 19. Calculate s(13).
-46
Let p(b) = b - 1. Calculate p(1).
0
Let x(n) = -n**2 - 16*n + 17. Give x(-14).
45
Let v(l) = -8*l + 170. Determine v(29).
-62
Let k(l) = -3*l**3 - 2*l**2 + 9*l - 10. Calculate k(0).
-10
Let l(s) = -s - 11. Give l(10).
-21
Let g(k) = -k**3 - 3*k**2 - 9*k - 9. Give g(-4).
43
Let x(j) = -j**3 - 2*j - 19. What is x(0)?
-19
Let w(b) = -2*b**2 - 10*b + 33. Give w(2).
5
Let d(n) = -10*n + 294. Calculate d(27).
24
Let b(t) = -4*t - 6. What is b(0)?
-6
Let a(o) = 5*o**3 - 14*o**2 - 10*o + 15. What is a(3)?
-6
Let v(i) = i**3 + 8*i**2 + 4*i - 4. What is v(-7)?
17
Let s(c) = c - 7. Give s(7).
0
Let d(g) = -7*g + 34. Determine d(4).
6
Let a(j) = 2*j**2 + 53*j + 103. Give a(-24).
-17
Let r(a) = -2*a**3 - 75*a**2 - 108*a + 3. What is r(-36)?
3
Let a(o) = -o**2 - 3*o + 14. Determine a(-7).
-14
Let f(w) = 11*w - 1. Determine f(-2).
-23
Let p(w) = -w**2 + 9*w + 6. Calculate p(7).
20
Let d(j) = 15*j - 44. Give d(7).
61
Let n(q) = 2*q**2 - 25*q - 12. Give n(13).
1
Let k(j) = 4*j. What is k(-4)?
-16
Let v(n) = 2*n - 18. What is v(13)?
8
Let s(u) = -2*u**2 - 5*u + 31. Calculate s(-5).
6
Let a(q) = q**2 + 13*q + 1. Give a(-12).
-11
Let p(w) = -w + 14. Calculate p(5).
9
Let s(l) = 3*l**2 + 42*l + 113. Give s(-3).
14
Let l(j) = 2*j**2 - 41*j + 120. Determine l(17).
1
Let n(u) = 2*u - 11. Give n(-7).
-25
Let h(f) = 3*f**2 - 30*f + 20. Determine h(9).
-7
Let p(l) = l**3 - 13*l**2 + 14*l + 7. Calculate p(12).
31
Let c(p) = -2*p**3 - 6*p**2 - 11*p - 4. What is c(-3)?
29
Let q(n) = -3*n**2 + 15*n - 7. Determine q(4).
5
Let f(o) = -14*o - 3. Calculate f(4).
-59
Let n(d) = -d**3 + 2*d**2 + 3*d - 5. What is n(3)?
-5
Let b(l) = 2*l**2 + 3*l - 3. What is b(-3)?
6
Let n(w) = 8*w**3 + 2*w**2 + w + 2. Calculate n(-2).
-56
Let s(x) = -21*x - 30. Calculate s(-2).
12
Let r(n) = 44*n**2 + n + 2. Determine r(-1).
45
Let a(r) = -158*r - 786. Give a(-5).
4
Let v(n) = -n**2 + 12*n. Give v(11).
11
Let j(d) = d**3 - 5*d**2 - 26*d - 20. What is j(9)?
70
Let t(p) = 11*p + 4. Calculate t(9).
103
Let h(c) = -c**2 - 15*c + 40. Calculate h(-17).
6
Let v(g) = -2*g + 30. Give v(-9).
48
Let p(m) = -m**2 - 13*m + 2. Give p(-9).
38
Let k(b) = 3*b - 21. Calculate k(4).
-9
Let x(i) = 4*i - 170. Give x(42).
-2
Let r(l) = 45*l**2 + 1. Determine r(-1).
46
Let l(i) = -5*i + 57. Calculate l(0).
57
Let f(z) = -z**3 + 12*z**2 + 14*z - 16. Give f(13).
-3
Let k(m) = m**2 - 21*m + 7. What is k(21)?
7
Let i(g) = -g**2 + 14*g + 12. Give i(15).
-3
Let c(j) = 36*j - 798. What is c(22)?
-6
Let z(s) = 19*s + 1. Determine z(-1).
-18
Let v(c) = -3*c**2 - 10*c + 8. Give v(-5).
-17
Let h(i) = 2*i**3 - i**2 + 4. What is h(-2)?
-16
Let m(n) = -n**3 - 3*n**2 + 5*n + 25. Determine m(-4).
21
Let q(g) = 2*g**2 - 15*g + 28. Calculate q(6).
10
Let b(c) = 3*c + 6. Determine b(-3).
-3
Let b(w) = -2*w**2 + 13*w - 21. Give b(8).
-45
Let l(y) = y**2 + 11*y - 12. Calculate l(-10).
-22
Let k(w) = -4*w**2 - 2*w + 2. Determine k(-6).
-130
Let x(q) = q**3 - q**2 + 1. Calculate x(0).
1
Let h(s) = 86*s - 1. What is h(1)?
85
Let r(o) = -2*o**2 + 10*o - 3. Give r(5).
-3
Let h(d) = d**3 - 2*d + 7. Determine h(-4).
-49
Let a(q) = -q**2 + 12. Give a(4).
-4
Let b(k) = k**3 - 2*k**2 - 5*k + 5. What is b(4)?
17
Let d(b) = b**3 - 4*b**2 - 11*b + 25. Give d(5).
-5
Let l(w) = -14*w + 10. Give l(-3).
52
Let k(s) = -s**2 - 9*s + 131. Give k(8).
-5
Let o(z) = -2*z - 12. Determine o(-9).
6
Let n(i) = 20*i - 203. What is n(12)?
37
Let o(n) = -n**2 + 14*n - 13. Give o(11).
20
Let a(o) = -2*o + 4. Determine a(-9).
22
Let g(u) = -2*u + 1. Determine g(5).
-9
Let u(d) = d**3 + 5*d**2 - 10*d + 20. What is u(-7)?
-8
Let b(g) = g**3 - g**2 + 2*g + 7. Determine b(0).
7
Let x(t) = t**3 - 14*t**2 + 27*t - 42. What is x(12)?
-6
Let q(n) = n**3 + 9*n**2 - 11*n + 6. What is q(-10)?
16
Let l(c) = -c**3 - 10*c**2 - 19*c - 17. Give l(-8).
7
Let w(z) = 2*z + 21. Calculate w(-4).
13
Let l(k) = -k**3 + 9*k**2 + 11*k - 12. What is l(10)?
-2
Let a(f) = -3*f - 18. Give a(-6).
0
Let w(p) = -p**2 + 6*p + 20. Calculate w(9).
-7
Let v(z) = -z**3 - 4*z**2 + 7*z. Calculate v(-5).
-10
Let q(k) = -k**3 - 7*k**2 - 8*k - 4. Give q(-6).
8
Let j(t) = 2*t + 56. Give j(-19).
18
Let f(p) = -p**3 - 2*p**2 - 3*p - 19. Determine f(0).
-19
Let o(u) = u**2 + 11*u + 18. Give o(-12).
30
Let p(t) = 5*t**3 + t**2 + 5*t + 7. Give p(-2).
-39
Let f(j) = -7*j + 1. What is f(5)?
-34
Let v(a) = -47*a + 1. What is v(1)?
-46
Let q(o) = 2*o**2 + 20*o + 12. Determine q(-8).
-20
Let l(f) = -3*f**3 - 2*f**2 + 3*f + 27. What is l(0)?
27
Let x(y) = -y + 20. Calculate x(6).
14
Let w(h) = -3*h - 3. Determine w(1).
-6
Let c(g) = -6*g + 40. What is c(13)?
-38
Let q(h) = -h**3 + 7*h**2 - 10*h + 25. Give q(6).
1
Let j(m) = -4*m**2 + 35*m - 42. Calculate j(7).
7
Let l(q) = q**2 - 7*q. Calculate l(-5).
60
Let o(r) = r**3 + 4*r**2 - 7*r - 10. Calculate o(-5).
0
Let y(v) = -v**2 - 15*v - 12. Give y(-14).
2
Let n(b) = -3*b**2 + 13*b - 5. Give n(4).
-1
Let g(w) = w**3 - 34*w**2 + 32*w + 30. Give g(33).
-3
Let g(b) = 5*b + 89. Give g(-18).
-1
Let x(t) = 2*t - 16. Give x(6).
-4
Let q(b) = -b**3 + 13*b**2 - 12*b. Determine q(12).
0
Let u(y) = -4*y - 108. Determine u(-27).
0
Let o(a) = a + 36. Calculate o(-19).
17
Let u(v) = v**2 + 26*v + 111. Calculate u(-22).
23
Let q(g) = -7*g + 9. D